 z be h(-2). Let t = 4 - z. What is the units digit of t?
7
Let x = 0 - -4. Let f(l) = l**2 + 4. What is the tens digit of f(x)?
2
Suppose 2 = -z + 3, 0 = -5*x + 4*z + 31. Let u = -5 + x. Suppose 0 = -2*l - 4*s - 14, 0 = -l + s + u*s + 18. What is the units digit of l?
3
Let z(c) = 5*c**3 + 2*c**2 + c - 4. What is the units digit of z(2)?
6
Let w(s) = s**3 - 9*s**2 + 10*s + 4. Suppose 5*z = -5*f + 44 + 6, 4*z - 26 = 3*f. What is the tens digit of w(z)?
2
Let j = -20 - -25. What is the units digit of j?
5
Let b(j) = -j**2 - 9*j + 2. Let o be b(-9). Suppose 3*t - 34 = t - o*r, 84 = 5*t + 4*r. What is the units digit of t?
6
Let z = -254 - -400. What is the hundreds digit of z?
1
Let i = 23 + -2. What is the tens digit of 4 + i + (-1 - -4)?
2
Let n(g) = 0*g - g**2 - 5*g + g + 3 - 2. What is the units digit of n(-3)?
4
Let u(j) = -j + 1. Let t be u(1). Suppose t = 5*k - 61 + 1. What is the units digit of k?
2
Suppose 0 = -5*p + 25, -2*p - 1 - 1 = -4*l. Suppose -f + l = 2. What is the units digit of f?
1
Suppose 5*m - 23 = -0*m + v, 5*v = 10. Suppose 0 = n - 0*x + x - 1, -x = -5*n + m. Let o = 7 - n. What is the units digit of o?
6
Let j = -5 + 7. What is the units digit of (11 - 5)/(3/j)?
4
What is the tens digit of (-3)/4 - ((-1055)/4)/5?
5
Let l = 58 + -38. What is the tens digit of l?
2
Suppose 6*n - n = -5. Let a = 7 + n. What is the units digit of a?
6
Let q be 48/(-4)*47/(-4). Suppose 40 = a + 5*l, -4*a - 5*l + 4*l = -q. What is the units digit of a?
5
What is the tens digit of 164/3 + (-4)/(-12)?
5
Suppose -12*i = -14*i + 48. What is the units digit of i?
4
Let i(h) = -h**2 + 7*h + 2. Let l(x) = -x**2 - 6*x + 3. Let r be l(-5). Let j be i(r). What is the units digit of (-9)/(-6) + (-3)/j?
2
Let o(w) = -2*w + 10. Let x(c) = 9 + 2 - 2*c - c. Let r(g) = 4*o(g) - 3*x(g). What is the units digit of r(-6)?
1
Suppose 111 = 2*j - 69. What is the units digit of j?
0
Suppose 13*j - 4*j - 189 = 0. What is the tens digit of j?
2
Let y(h) = 17*h**2 + 2*h + 1. Let l be y(-1). What is the units digit of ((-10)/(-8))/(1/l)?
0
Suppose 5*z - 198 = -z. What is the tens digit of z?
3
What is the tens digit of (8 - 6)*(-73)/(-2)?
7
Suppose -6*s = -3*s - 27. What is the units digit of s?
9
Let a(g) = -g**3 + 7*g**2 - 6*g + 1. Let j be a(6). Let f(q) = q - 2. Let m be f(5). Let h = m + j. What is the units digit of h?
4
Let k = 46 - 32. What is the units digit of k?
4
Let k(w) = 12*w. Let n(i) = -i. Let r(p) = k(p) + 10*n(p). Suppose 0 = -q + 4*q - 6. What is the units digit of r(q)?
4
What is the units digit of 2 + -4 + (3 - -37)?
8
Suppose 3*k = -2*k + 15. Suppose -4 = 4*s - 2*m - 2*m, -3*s + 4*m - 3 = 0. What is the units digit of ((-30)/9)/(s/k)?
0
Let y(t) = t**2 + t - 6. What is the units digit of y(5)?
4
Suppose -5*x = -j + 58, 2*j - 28 - 28 = -5*x. What is the units digit of j?
8
Let i be 8 + -2 - (1 + -1). Suppose 4 = -k + i. Suppose 2*l + k*w = 14, -5*l = -2*w - 3*w - 5. What is the units digit of l?
4
Suppose 2*j + 8 = 6*j. Let d = j + 1. Let b(l) = 4*l - 1. What is the units digit of b(d)?
1
Let d = -20 + 11. Let r be 3/d*0 + 3. What is the tens digit of (-21)/(r/(-2)*1)?
1
Let d(o) = 5*o - 4. Let x(j) be the second derivative of j**3/3 + j**2/2 - j. Let s be x(1). What is the tens digit of d(s)?
1
Suppose 0 = -8*n + 3*n + 270. Let d = 10 + -8. What is the units digit of n/d*2/6?
9
Suppose 0 = 2*t + 2. What is the units digit of 0/3 + t + 7?
6
Let f(q) = -q - 1. Suppose -4*c - 14 = 10. Let o be f(c). What is the units digit of o/(-10)*(1 - 13)?
6
Let j be 10/(-55) - (-4)/22. Suppose -45 = h + 3*h + 5*l, j = -3*h + 3*l. What is the units digit of 24/10 + 2/h?
2
Suppose -o = -3 - 6. Let a = 26 - o. What is the tens digit of a?
1
Let a(y) = -y**3 - 5*y**2 - 2*y. Suppose 4*o - 3*o + 2 = 0. Let g be a(o). What is the tens digit of 3 - g - (1 - 0)?
1
Let s be 285/(-9) - 4/(-6). Let d be (-2)/(-2) + s + 2. What is the units digit of (-4)/14 - 176/d?
6
Suppose -58 = -q - 20. What is the units digit of q?
8
Let s(o) = o**2 + 7*o + 25. What is the units digit of s(-10)?
5
Suppose -q = 4*q - 95. Suppose 0*z - 21 = 3*z. Let j = z + q. What is the tens digit of j?
1
Let s = -4 + 13. What is the units digit of s?
9
Suppose -18*b + 10*b + 1120 = 0. What is the hundreds digit of b?
1
Let w = -9 - 1. Let t(y) be the first derivative of -y**4/4 - 3*y**3 + 7*y**2/2 - 12*y + 1. What is the units digit of t(w)?
8
Suppose -110 = -2*i + 7*i. Let q(k) = k**2 + 11*k - 2. Let b be q(-10). Let w = b - i. What is the tens digit of w?
1
Let p(k) = -5 + 9*k - k + 7. What is the tens digit of p(6)?
5
Suppose -5*p - 4*l + 266 = 0, 5*l - 157 = -3*p - 0*p. What is the tens digit of p?
5
Let k(l) = -5*l + 2. What is the units digit of k(-1)?
7
Suppose 109 = 3*n + 2*s, 4*n - 5*s - 59 = 117. What is the units digit of n?
9
Let i(l) = -l**3 + 13*l**2 + 17*l - 17. What is the tens digit of i(14)?
2
Let o(b) = b**2 - 9*b + 10. Let z be o(8). Suppose -z*i + 5 = 13. What is the units digit of 11/2 - 2/i?
6
Let s = 8 - -3. What is the units digit of s?
1
Let q = -8 + 19. What is the units digit of q?
1
Let x = -59 - -100. Let k = 86 - x. What is the tens digit of k?
4
Let q be (-98)/35 + (-2)/10. Let z(w) = -w**3 - 3*w**2 - 6*w - 5. What is the tens digit of z(q)?
1
Let l(x) = x + 12. Let i(j) = 2*j - 4. Let k be i(-3). What is the units digit of l(k)?
2
Suppose -9 = 2*h - 5*h. Suppose 3*z = 2*y, -5*y = -2*y - 3*z - h. Suppose -y*w + 48 = w. What is the units digit of w?
2
Suppose 4*g + 5*o = -14 + 122, -g + 2 = -5*o. Suppose 0 = 5*x + 3*y - 13, 0*y = -x - 4*y + 6. Suppose -g = -2*a + x. What is the units digit of a?
2
Let f(n) = 0 - 1 + 4 + 2*n + 6. What is the units digit of f(8)?
5
Suppose 0 = 2*s - 3*h + 18, -16 = -8*h + 4*h. Let z(j) = -j**2 - 4*j. Let u be z(s). Suppose -4*i + 56 = 3*k - 4, u*k + 60 = 4*i. What is the units digit of i?
5
Let z = 117 - -71. What is the tens digit of z?
8
Let a = 3 + 5. Suppose -a = -2*o, -4*d - 4*o + 32 = -0*d. Suppose 5*p - 12 = 2*u, -3*u + 13 = d*p - 15. What is the units digit of u?
4
Suppose -3*o + 6*o + 12 = 0. Let a be 2*-2*(-13)/o. Let j = 23 + a. What is the units digit of j?
0
Let q(p) = -p + 11. Let v be q(9). Let s be v/(1*(-3)/(-6)). Let k(a) = a - 1. What is the units digit of k(s)?
3
Let i be 18/5 - (-2)/5. Let t = i - 3. What is the units digit of (2 + -1)*(4 + t)?
5
Let a(m) = -m**3 - m**2 - m + 16. Let b(r) = r**3 + 10*r**2 + 8*r - 9. Let t be b(-9). What is the tens digit of a(t)?
1
Let g = -4 - -18. What is the tens digit of g?
1
Let c(l) be the first derivative of l**4/4 - 7*l**3/3 - 9*l**2/2 + 5*l + 2. Let v be c(8). Let g(a) = a**3 + 4*a**2 + 2*a. What is the units digit of g(v)?
3
Suppose 3*p - 3 = -9. Let k = 1 - p. What is the units digit of k?
3
Let k(f) = -9*f**3 - 2*f**2 - 2*f + 1. What is the tens digit of k(-2)?
6
Let c(p) = -7*p + 42. What is the units digit of c(-7)?
1
Suppose 4*b = -r + 5*r - 12, -4*b = 0. Let u(x) = -x**3 + 3 - x**r + 3*x**3 - 5*x**2. What is the units digit of u(5)?
3
Let p(q) = -q**3 + 5*q**2 + 7*q - 2. Let b be p(6). Let v = 1 + b. Suppose 3*z = 4*z - v. What is the units digit of z?
5
Suppose -3*r + 2*r = -53. Suppose 3*a - 3*w - 84 = 0, 5*a + 4*w - r = 4*a. What is the units digit of a?
3
Let r(n) = -4 - 5 - 2*n + 3. Let w be r(-4). Suppose y - w = 4*m - 27, 2*m + 4*y = -10. What is the units digit of m?
5
Suppose b + 5*o - 3*o - 13 = 0, 0 = 4*b - 3*o - 8. What is the units digit of b?
5
Let i(z) be the third derivative of -z**5/60 + 5*z**4/8 - 5*z**3/6 - 6*z**2. What is the tens digit of i(10)?
4
Suppose 3*n + 4 = n. Let v = n + 3. What is the units digit of v?
1
Suppose -j - 13 = 3*h, -2 = -4*h + 2*h + 2*j. What is the units digit of (-1 - (7 + h))*-1?
5
Suppose -3 = 3*y, 0 = -4*q + 4*y + y + 265. What is the tens digit of q?
6
Let y be 10/(-25) - (-34)/10. Let h(d) = d**3 + d**3 + 2*d**2 - 5*d**2 + y*d. What is the tens digit of h(2)?
1
Let r(d) = -d - 1. Let g(l) = 2*l + 1. Let k(p) = -2*g(p) - 3*r(p). Let n be k(2). What is the units digit of (-1*2)/(n/2)?
4
Suppose 3*w = -12, 5 - 15 = 2*k + 4*w. Let i be 0/((2 - k)*-1). Suppose 4*h + 2*s + 2 = i, 2*s - 6 = 4*s. What is the units digit of h?
1
Let d = -2 + -8. Let z(v) = v**3 + 9*v**2 - 11*v + 4. What is the tens digit of z(d)?
1
Let b be 8